a(-14).
0
Let y(o) = -94*o + 185. What is y(2)?
-3
Let p(o) = -o**3 - 29*o**2 - 142*o - 2374. Determine p(-27).
2
Let q(d) = 2*d**3 + 83*d**2 - 222*d - 96. What is q(-44)?
-8
Let m(h) = -h**3 + 12*h**2 + 10*h + 264. What is m(14)?
12
Let x(l) = -28*l - 3. Calculate x(5).
-143
Let p(v) = 2*v**3 - 9*v**2 + 52*v - 276. Give p(5).
9
Let w(l) = 80*l**2 - 53*l + 2. What is w(2)?
216
Let x(g) = -13*g + 177. What is x(14)?
-5
Let c(z) = -z**3 + 282*z**2 + 2362*z - 12182. Give c(290).
-2
Let t(i) = i**3 - 16*i**2 - 28*i + 41. Calculate t(17).
-146
Let y(l) = 609*l**2 + 11565*l - 123. Determine y(-19).
-9
Let d(j) = -692*j - 15920. Calculate d(-23).
-4
Let m(l) = -6*l**3 + 2*l**2 - 4*l + 4. Give m(2).
-44
Let g(r) = -69*r**2 + 1441*r + 160. What is g(21)?
-8
Let d(s) = -6*s**2 + 20*s + 45. What is d(-3)?
-69
Let p(c) = 818*c - 3245. Calculate p(4).
27
Let s(o) = o**2 - 7*o - 30. What is s(-6)?
48
Let v(h) = h**3 - 7*h**2 + 26*h - 201. What is v(7)?
-19
Let d(u) = -6*u**3 - 26*u**2 - 18*u - 87. Calculate d(-5).
103
Let h(z) = -455*z + 1774. What is h(4)?
-46
Let i(k) = -k**3 + 9*k**2 + 27*k + 78. Give i(12).
-30
Let q(v) = -25*v**2 - 3834*v - 1362. Calculate q(-153).
15
Let a(h) = 78*h + 1786. What is a(-23)?
-8
Let n(a) = -57*a + 1870. Give n(29).
217
Let t(s) = -s**3 + 10*s**2 + 546*s - 4487. What is t(8)?
9
Let u(h) = -31*h**2 - 4*h + 6. Calculate u(1).
-29
Let g(m) = 2*m**2 + 117*m + 181. Give g(-57).
10
Let d(m) = -m**3 + 9*m**2 - 2*m + 4. What is d(4)?
76
Let g(f) = 4*f**3 + 70*f**2 + 29*f - 78. Give g(-17).
7
Let c(w) = 2879*w + 8626. Determine c(-3).
-11
Let u(w) = -202*w - 410. What is u(-2)?
-6
Let p(o) = -4*o**2 + 854*o + 858. Determine p(-1).
0
Let t(i) = 70*i**2 - 1334*i + 82. Calculate t(19).
6
Let x(s) = 2*s**2 + 143*s - 6491. What is x(-103)?
-2
Let j(d) = -9*d + 39. Calculate j(-2).
57
Let i(y) = 3*y**2 - 589*y + 194. Calculate i(196).
-2
Let l(s) = 3*s**2 + 4*s - 178. Determine l(-15).
437
Let v(r) = -11*r**2 - 55*r - 10. Determine v(3).
-274
Let u(y) = -2*y**3 - 14*y**2 - 18*y - 32. Give u(-6).
4
Let w(i) = 11*i**3 - 2*i**2 + 53*i + 54. Give w(-1).
-12
Let j(w) = -21*w + 1879. Calculate j(89).
10
Let y(g) = -g**2 + 17*g - 43. Calculate y(10).
27
Let b(s) = 6*s + 185. Determine b(-39).
-49
Let u(c) = -3*c**3 - 38*c**2 + 93*c + 10. Determine u(-15).
190
Let d(s) = 48*s - 765. Calculate d(16).
3
Let h(j) = -j**3 + 33*j**2 - 25*j - 493. Give h(32).
-269
Let j(u) = -u**3 - 23*u**2 + 6*u - 201. What is j(-24)?
231
Let u(k) = 31*k + 1175. Calculate u(-38).
-3
Let t(v) = v**3 + 12*v**2 + 13*v + 346. Calculate t(-13).
8
Let p(z) = -z**2 + 46*z - 143. Calculate p(43).
-14
Let k(j) = -15*j**2 - 33*j + 126. What is k(6)?
-612
Let v(q) = 906*q + 5433. Give v(-6).
-3
Let t(w) = -1276*w + 3831. What is t(3)?
3
Let j(w) = w**2 + 8*w - 190. Give j(-18).
-10
Let y(z) = 107*z**2 - 29*z + 57. Give y(2).
427
Let s(b) = -b**3 + 23*b**2 - 11*b - 41. Determine s(22).
201
Let n(p) = p**2 - 65*p + 1090. Determine n(24).
106
Let z(d) = 33*d - 728. Give z(22).
-2
Let r(n) = n**2 + 988*n + 14569. Determine r(-15).
-26
Let j(y) = -502*y + 121. What is j(0)?
121
Let o(t) = t**2 + 80*t - 8198. Give o(59).
3
Let q(f) = f**2 - 78*f - 478. Calculate q(-6).
26
Let s(j) = -11*j**2 - 5*j - 269. Give s(0).
-269
Let n(j) = j**2 - 62*j - 731. Determine n(-10).
-11
Let h(w) = -1316*w + 25006. What is h(19)?
2
Let h(z) = z**2 + 65*z + 579. Give h(-10).
29
Let p(c) = -7*c**2 - 19*c + 1. Calculate p(-7).
-209
Let d(y) = y**3 - 21*y**2 + 194*y - 2980. Give d(19).
-16
Let a(k) = 3*k**2 - 178*k + 610. Determine a(56).
50
Let o(q) = q**3 - 41*q**2 - 330*q + 46. Calculate o(-7).
4
Let s(y) = 4*y**2 - 191*y - 223. Determine s(49).
22
Let w(s) = -40*s**2 - 115*s - 6. Calculate w(-4).
-186
Let n(j) = j**3 + 20*j**2 + 82*j - 93. Give n(-7).
-30
Let p(k) = k**2 + 7*k + 9. What is p(0)?
9
Let b(d) = 97*d - 272. Determine b(3).
19
Let p(q) = 4*q**2 + 28*q + 31. Determine p(-6).
7
Let a(x) = -x**2 + 88*x - 636. What is a(8)?
4
Let s(t) = -21*t - 1108. What is s(-57)?
89
Let x(f) = 118*f - 382. What is x(8)?
562
Let c(y) = -6*y**2 - 460*y + 1117. Give c(-79).
11
Let i(y) = 526*y - 15227. Determine i(29).
27
Let j(f) = -5*f**2 + 11*f - 8. What is j(2)?
-6
Let r(v) = -1417*v + 56676. Give r(40).
-4
Let f(u) = -u**2 - 196*u - 9303. Calculate f(-81).
12
Let a(l) = 886*l - 4360. What is a(5)?
70
Let h(o) = o**3 + 66*o**2 - 836*o - 117. What is h(11)?
4
Let j(g) = 2*g**2 + 106*g - 465. Calculate j(4).
-9
Let g(o) = -2*o**3 - 49*o**2 + 32*o + 127. Give g(-25).
-48
Let s(z) = z**2 - 1490*z + 38064. What is s(26)?
0
Let s(v) = -v**2 - 40*v - 390. What is s(-21)?
9
Let f(l) = -l**2 + 329*l - 24888. Determine f(211).
10
Let o(s) = -767*s - 2024. Calculate o(-3).
277
Let s(z) = 2*z**3 - 36*z**2 - 48*z + 851. Calculate s(18).
-13
Let k(n) = -33*n**3 + 3*n**2 - 12*n + 11. Give k(1).
-31
Let p(s) = 9*s**3 - 6*s**2 + 16*s + 28. Calculate p(-2).
-100
Let p(v) = -v**3 - 55*v**2 + 114*v + 90. Calculate p(-57).
90
Let r(l) = 3*l**2 - 148*l - 71. Determine r(50).
29
Let q(u) = 23*u**3 - u**2 + 15*u + 16. Give q(-1).
-23
Let h(m) = -150*m - 1152. Give h(-5).
-402
Let s(u) = -u**3 - 22*u**2 + 15*u - 28. Determine s(-23).
156
Let l(c) = -724*c - 4319. Calculate l(-6).
25
Let a(g) = -3*g**3 + 29*g**2 + 8*g + 8. Calculate a(10).
-12
Let w(r) = 10*r**2 - 531*r + 53. Give w(53).
0
Let d(p) = 9*p + 447. Calculate d(-50).
-3
Let v(y) = -11*y**2 - 144*y + 81. Calculate v(-14).
-59
Let b(j) = -j**3 - 4*j**2 + 8*j - 13. Calculate b(0).
-13
Let q(t) = 7*t**2 + 855*t + 1696. Give q(-2).
14
Let r(t) = -t + 43. What is r(-2)?
45
Let r(y) = 7*y**2 + 11*y + 16. Determine r(-2).
22
Let h(k) = -2*k**3 + 26*k**2 + 72*k + 390. Calculate h(16).
6
Let z(g) = g**3 - 24*g**2 - 18*g - 102. Determine z(25).
73
Let w(i) = -145*i + 3762. What is w(26)?
-8
Let m(v) = v**3 + 2*v**2 + 583*v + 2363. Give m(-4).
-1
Let s(z) = 282*z - 837. Give s(3).
9
Let g(o) = 37*o - 7177. What is g(194)?
1
Let d(g) = -3*g**3 + 75*g**2 + 77*g + 21. Give d(26).
-5
Let a(r) = -2*r**3 + 92*r**2 + 94*r - 14. What is a(47)?
-14
Let n(m) = 3*m**2 + 21*m - 193. Give n(5).
-13
Let g(t) = -145*t**2 - 418*t + 47. Determine g(-3).
-4
Let x(b) = b**3 + 166*b**2 - 187*b - 3339. Give x(-167).
1
Let i(x) = 13*x**2 - 38*x - 127. What is i(-3)?
104
Let b(y) = 133*y + 590. What is b(-4)?
58
Let t(i) = -2*i**3 - 212*i**2 + 6*i + 641. Determine t(-106).
5
Let f(q) = -q**2 - 12*q + 324. Determine f(13).
-1
Let i(b) = -3*b**3 - 5*b**2 + 23*b + 24. Calculate i(-4).
44
Let g(x) = -4*x**2 + 27*x - 52. What is g(2)?
-14
Let t(u) = 2*u**2 + u - 98. Calculate t(7).
7
Let o(g) = -g**2 - 2*g + 15. Determine o(-3).
12
Let r(w) = -2*w**2 - 244*w - 730. Determine r(-3).
-16
Let t(h) = h**2 - 88*h + 1271. Give t(18).
11
Let c(t) = 4*t**2 + 62*t - 21. Give c(-15).
-51
Let k(n) = -n**3 - 41*n**2 + 100*n + 602. What is k(-43)?
0
Let u(d) = -2*d**2 + 46*d - 250. Determine u(6).
-46
Let i(a) = -242*a - 58. What is i(-4)?
910
Let h(j) = 4*j - 178. Determine h(51).
26
Let r(q) = 3*q**3 + 6*q**2 - 13*q - 30. Determine r(-2).
-4
Let w(t) = 6*t**2 + 373*t + 1474. Calculate w(-58).
24
Let m(i) = 9*i - 256. Calculate m(23).
-49
Let h(i) = i**2 + i - 21. Calculate h(-8).
35
Let f(o) = -o**3 + 8*o**2 - 6*o + 5. Give f(8).
-43
Let a(p) = -p**3 + p**2 + 158*p - 590. What is a(4)?
-6
Let j(y) = -5*y**2 - 350*y - 1393. Determine j(-4).
-73
Let a(l) = -l**3 + 4*l**2 - 28*l + 237. Calculate a(6).
-3
Let t(g) = 11*g + 154. Give t(-21).
-77
Let u(i) = 30*i**2 + 2330*i + 1535. Give u(-77).
-5
Let k(i) = -10*i**2 + 29*i + 77. Calculate k(-2).
-21
Let n(u) = 2*u**2 - 102*u + 1296. What is n(27)?
0
Let s(d) = d**3 - 21*d**2 - 50*d + 13. Calculate s(-3).
-53
Let x(w) = 14*w**3 - 87*w**2 + 12*w - 33. Give x(6).
-69
Let t(z) = -108*z - 2. Give t(0).
-2
Let u(a) = -a**2 - 18*a - 12. Calculate u(-21).
-75
Let u(p) = p**3 + 22*p**2 + 25*p - 92. What is u(-21)?
-176
Let t(f) = -80*f + 6081. What is t(76)?
1
Let t(g) = g**3 - 49*g**2 - 104*g + 143. What is t(51)?
41
Let z(m) = -6*m**3 - 82*m**2 - 10*m + 24. What is z(-13)?
-522
Let a(h) = 8*h - 229. Determine a(33).
35
Let b(k) = -9*k**3 - k**2 - 15*k + 38. Calculate b(2).
-68
Let u(n) = 49*n + 289. Give u(-9).
-152
Let g(d) = d**2 + 28*d - 398. Determine g(-32).
-270
Let t(